 -2?
-150026
In base 15, what is 7d81d4 - 1?
7d81d3
In base 9, what is -2 + -64086?
-64088
In base 4, what is 10103022 + 3?
10103031
In base 13, what is -2b - -240a?
23ac
In base 14, what is 624 - -7c?
6a2
In base 6, what is -5 - 2532423?
-2532432
In base 10, what is 5 - -830552?
830557
In base 6, what is -440 + 10?
-430
In base 9, what is 463265 + 2?
463267
In base 5, what is 112133 + -2?
112131
In base 3, what is -1011120 - 221210?
-2010100
In base 14, what is -15 - -148a?
1475
In base 3, what is -21022 + -220012022?
-220110121
In base 14, what is 8 + -2c9a?
-2c92
In base 15, what is -15 + 19b23?
19b0d
In base 6, what is -123244101 + 0?
-123244101
In base 15, what is 11 + 45e2?
4603
In base 13, what is -14151 - 2?
-14153
In base 13, what is 2 - 34123c?
-34123a
In base 15, what is -788 - 128?
-8b1
In base 14, what is b + 10a2?
10ad
In base 10, what is 78 + 7534?
7612
In base 16, what is 1bcd - 41?
1b8c
In base 16, what is e + -2c26?
-2c18
In base 9, what is 538 + 583?
1232
In base 15, what is -102 + 33?
-be
In base 11, what is -3 - -32a01?
329a9
In base 14, what is -3269 - 3?
-326c
In base 11, what is 33059 + 0?
33059
In base 12, what is -a3a + -64?
-aa2
In base 14, what is -77c + 2?
-77a
In base 2, what is -1110010100 - -1101110?
-1100100110
In base 7, what is 2503 - 1?
2502
In base 16, what is -793f + -12?
-7951
In base 2, what is -1000001010101011010 + 1100?
-1000001010101001110
In base 16, what is -51 - 103b?
-108c
In base 11, what is -36 - 37282?
-37308
In base 13, what is 6767 - -8?
6772
In base 2, what is -1001000000000 + -1?
-1001000000001
In base 4, what is 12 - 11202313?
-11202301
In base 8, what is 1 - 4132445?
-4132444
In base 4, what is -1233230 + -101?
-1233331
In base 2, what is 11 + 100110110110111?
100110110111010
In base 3, what is 12012 - -21201221?
21221010
In base 12, what is 26 - a6a5?
-a67b
In base 15, what is -6e + -29eb?
-2a6a
In base 3, what is -10202 + -100202?
-111111
In base 6, what is -30503 + 2?
-30501
In base 8, what is 75134 - -10?
75144
In base 14, what is 2b2 + 4c2?
794
In base 15, what is 10 + 237?
247
In base 5, what is -2341024 + -10?
-2341034
In base 7, what is 2 + -24142?
-24140
In base 13, what is bb15 + 43?
bb58
In base 7, what is 23156 + -43?
23113
In base 12, what is -243a - -23?
-2417
In base 16, what is -10 - 16c?
-17c
In base 9, what is 884 + -818?
65
In base 6, what is -20 + 200?
140
In base 2, what is 10011001 + -1111?
10001010
In base 2, what is -10 - 1001101000101000?
-1001101000101010
In base 15, what is -39b9 + -1b?
-39d5
In base 5, what is 10410 + -103?
10302
In base 9, what is -5 + 800374?
800368
In base 3, what is 101001100121 - 0?
101001100121
In base 10, what is 2 + -23569?
-23567
In base 5, what is -2 + -20010440?
-20010442
In base 2, what is -101011100000110 - 11000?
-101011100011110
In base 8, what is 1452 - 1360?
72
In base 8, what is -15161 + 41?
-15120
In base 12, what is 77946 + -13?
77933
In base 3, what is -11210122220 + 10?
-11210122210
In base 9, what is 17285 - -3?
17288
In base 8, what is -6502 + 2?
-6500
In base 12, what is 3a0 - 1?
39b
In base 3, what is 10 + -21010100121?
-21010100111
In base 5, what is -1323 + 40220?
33342
In base 8, what is 7 - -22456?
22465
In base 10, what is -91070 - 6?
-91076
In base 14, what is -76 - 98?
-130
In base 3, what is -1 + -21212210120?
-21212210121
In base 12, what is 63493 + 4?
63497
In base 5, what is 23313 + 1234?
30102
In base 15, what is -33 - -80dc?
80a9
In base 10, what is 1701201 - 5?
1701196
In base 12, what is -4 + 21a22?
21a1a
In base 14, what is 16 - 9c?
-86
In base 15, what is -6505 + -12?
-6517
In base 14, what is -1c - 12c1b?
-12c39
In base 11, what is -1070113 - 3?
-1070116
In base 4, what is -21303 - 10221?
-32130
In base 9, what is 155136 - 3?
155133
In base 13, what is 99b - -1b?
9b9
In base 14, what is 10290 + -41?
1024d
In base 14, what is -66 - -1b0a?
1a84
In base 16, what is 6e - 94?
-26
In base 7, what is 253 - 161?
62
In base 12, what is -83 - 1557?
-161a
In base 14, what is 4 - -6d130?
6d134
In base 11, what is 0 - -6159?
6159
In base 11, what is -6932 + 116?
-6817
In base 15, what is -4 + b29b?
b297
In base 12, what is -1 - -253040?
25303b
In base 15, what is 16 - -40e0?
4106
In base 3, what is -2210 + 210102?
200122
In base 16, what is 3bed6 - 14?
3bec2
In base 8, what is 0 + 154661?
154661
In base 16, what is 630 + 46?
676
In base 9, what is 0 - 5224?
-5224
In base 10, what is -259 - 15296?
-15555
In base 13, what is 12b + 10a?
238
In base 14, what is -2d + -2686?
-26b5
In base 12, what is -4 + -1a98?
-1aa0
In base 15, what is -262 - 26da?
-294c
In base 11, what is 79 + -aaa?
-a31
In base 8, what is 6723 + 20?
6743
In base 12, what is 275a9 + 7?
275b4
In base 15, what is 197 + -96b?
-7c4
In base 9, what is -223 + 634?
411
In base 15, what is -4510 - -9?
-4506
In base 12, what is -2 - 53299?
-5329b
In base 10, what is 57239 - 24?
57215
In base 12, what is 27 - -32152?
32179
In base 6, what is 15 + 25132?
25151
In base 2, what is -11001000100010101 + 100?
-11001000100010001
In base 8, what is -1357063 + -5?
-1357070
In base 13, what is 4 + -c95a?
-c956
In base 16, what is 0 + 2c9c?
2c9c
In base 11, what is -2248 - -4?
-2244
In base 14, what is -1 - 474c?
-474d
In base 12, what is 586 + a?
594
In base 4, what is 20 - 101203223?
-101203203
In base 5, what is -1021 + -1312313?
-1313334
In base 6, what is -4 - -112210?
112202
In base 10, what is 71439 + 14?
71453
In base 8, what is 2 + 326362?
326364
In base 12, what is -1 - -332593?
332592
In base 11, what is -318a + 52?
-3138
In base 16, what is 304c0 - -11?
304d1
In base 7, what is 34 + -1521?
-1454
In base 14, what is 8a53 + 5?
8a58
In base 4, what is -3 - -3323130?
3323121
In base 10, what is 1 + -11219?
-11218
In base 5, what is -1 - 100222?
-100223
In base 2, what is 1100 - 1000110011100010101?
-1000110011100001001
In base 8, what is -22 - 152453?
-152475
In base 15, what is -665 + 83?
-5d2
In base 9, what is 5 - 78342?
-78336
In base 14, what is -2 - 34c9?
-34cb
In base 15, what is -75de + -5?
-75e4
In base 11, what is -3a90 + -118?
-40a8
In base 16, what is 83d06 - -4?
83d0a
In base 11, what is -9a + -361?
-450
In base 4, what is -2132012 - 202?
-2132220
In base 6, what is -13452 + -33?
-13525
In base 5, what is 324003101 - -2?
324003103
In base 16, what is 2 - -4429b?
4429d
In base 5, what is 12103144 - -4?
12103203
In base 3, what is 1120221 + 2200?
1200121
In base 9, what is 1871 - -28?
2010
In base 10, what is 51 - -16?
67
In base 5, what is 3 - 203202?
-203144
In base 11, what is -63838 + 3?
-63835
In base 5, what is 32 + 132234?
132321
In base 11, what is 5 - a473?
-a469
In base 7, what is -40531 + -2225?
-43056
In base 3, what is 1022221100112 + 2?
1022221100121
In base 3, what is -12 + -102020010102?
-102020010121
In base 3, what is -20012220 - 2?
-20012222
In base 2, what is 10 + 101101110100010?
101101110100100
In base 11, what is 61 + -467?
-406
In base 7, what is -364603 + -2?
-364605
In base 7, what is 21205 + 33?
21241
In base 3, what is -10201111 - -101201?
-10022210
In base 2, what is -10111001 + -101110100001?
-110001011010
In base 7, what is 3 + 66233?
66236
In base 6, what is -45 - 323251?
-323340
In base 3, what is 1 - -20100000?
20100001
In base 7, what is -3 - 100530?
-100533
In base 2, what is -101 - -1011110100111?
1011110100010
In base 7, what is -2 - 1456323?
-1456325
In base 12, what is -244 + 114?
-130
In base 12, what is -4ba86 - -2?
-4ba84
In base 13, what is -2 + 6079?
6077
In base 13, what is -8 + -266a?
-2675
In base 13, what is -c - 34164?
-34173
In base 4, what is 110022 + -11021?
33001
In base 7, what is 5 - 632266?
-632261
In base 14, what is 1b - 1c4?
-1a7
In base 6, what is -11410 + 2115?
-5251
In base 11, what is -61137 - -2?
-61135
In base 10, what is -9 - 9058?
-9067
In base 2, what is 111111100011001 - -11100?
111111100110101
In base 16, what is 2 - -10a1d?
10a1f
In base 8, what is 757 - 553?
204
In base 9, what is -15852 + -268?
-16231
In base 4, what is -30 - 12013?
-12103
In base 3, what is 111220 - -10120?
122110
In base 11, what is 161 + a3?
254
In base 8, what is 20210 - -11?
20221
In base 4, what is 12 - -132133023?
132133101
In base 5, what is -133 - -334242?
334104
In base 10, what is 0 - 24185?
-2